{"id":25,"date":"2016-07-09T14:47:18","date_gmt":"2016-07-09T17:47:18","guid":{"rendered":"http:\/\/35.170.190.128\/?page_id=25"},"modified":"2025-12-01T09:11:41","modified_gmt":"2025-12-01T12:11:41","slug":"fundamental","status":"publish","type":"page","link":"https:\/\/site.facex.com.br\/?page_id=25","title":{"rendered":"Fundamental"},"content":{"rendered":"<p><img decoding=\"async\" class=\"fotofundamental\" src=\"http:\/\/site.facex.com.br\/wp-content\/uploads\/2020\/12\/Fundamental.png\" alt=\"infantil\" \/><\/p>\n<p>&nbsp;<\/p>\n<div class=\"textofundamental1\"><strong>Ensino fundamental I<\/strong><br \/>\nA Facex \u00e9 uma institui\u00e7\u00e3o preocupada com a pr\u00e1tica educativa a favor da autonomia intelectual dos educandos e fundamenta-se na \u00e9tica e no respeito m\u00fatuo, procurando estabelecer uma rela\u00e7\u00e3o coerente entre as concep\u00e7\u00f5es te\u00f3ricas que embasam a pr\u00e1tica educativa e a realidade pol\u00edtica, econ\u00f4mica e social em que estamos inseridos. Dentro dessa proposta, esperamos efetivamente contribuir para a forma\u00e7\u00e3o de sujeitos: cr\u00edticos, participativos, pesquisadores, pol\u00edticos, reflexivos e coletivos.<\/div>\n<p>&nbsp;<\/p>\n<div class=\"textofundamental2\"><strong>Ensino Fundamental II<\/strong><br \/>\nDentro da constru\u00e7\u00e3o do conhecimento, o aluno da Facex \u00e9 incentivado a valorizar povos e culturas em tempos e espa\u00e7os diferentes com linguagens e valores espec\u00edficos, estabelecendo rela\u00e7\u00f5es que desenvolvam sua identidade social. Esses aspectos educacionais s\u00e3o essenciais para a forma\u00e7\u00e3o do cidad\u00e3o de acordo com a sociedade na qual estamos inseridos e para que o educando saiba que faz parte de tudo, sentindo-se importante e \u00fanico. Para isso, incentivamos as atividades em grupo, a autonomia intelectual e as atividades que colocam os educandos em posi\u00e7\u00f5es de decis\u00e3o, criando um ambiente no qual eles s\u00e3o protagonistas do conhecimento.<\/div>\n","protected":false},"excerpt":{"rendered":"<p>&nbsp; Ensino fundamental I A Facex \u00e9 uma institui\u00e7\u00e3o preocupada com a pr\u00e1tica educativa a favor da autonomia intelectual dos educandos e fundamenta-se na \u00e9tica e no respeito m\u00fatuo, procurando estabelecer uma rela\u00e7\u00e3o coerente entre as concep\u00e7\u00f5es te\u00f3ricas que embasam a pr\u00e1tica educativa e a realidade pol\u00edtica, econ\u00f4mica e social em que estamos inseridos. Dentro &hellip; <a href=\"https:\/\/site.facex.com.br\/?page_id=25\">Continued<\/a><\/p>\n","protected":false},"author":8,"featured_media":0,"parent":10,"menu_order":0,"comment_status":"closed","ping_status":"closed","template":"","meta":[],"_links":{"self":[{"href":"https:\/\/site.facex.com.br\/index.php?rest_route=\/wp\/v2\/pages\/25"}],"collection":[{"href":"https:\/\/site.facex.com.br\/index.php?rest_route=\/wp\/v2\/pages"}],"about":[{"href":"https:\/\/site.facex.com.br\/index.php?rest_route=\/wp\/v2\/types\/page"}],"author":[{"embeddable":true,"href":"https:\/\/site.facex.com.br\/index.php?rest_route=\/wp\/v2\/users\/8"}],"replies":[{"embeddable":true,"href":"https:\/\/site.facex.com.br\/index.php?rest_route=%2Fwp%2Fv2%2Fcomments&post=25"}],"version-history":[{"count":21,"href":"https:\/\/site.facex.com.br\/index.php?rest_route=\/wp\/v2\/pages\/25\/revisions"}],"predecessor-version":[{"id":49945,"href":"https:\/\/site.facex.com.br\/index.php?rest_route=\/wp\/v2\/pages\/25\/revisions\/49945"}],"up":[{"embeddable":true,"href":"https:\/\/site.facex.com.br\/index.php?rest_route=\/wp\/v2\/pages\/10"}],"wp:attachment":[{"href":"https:\/\/site.facex.com.br\/index.php?rest_route=%2Fwp%2Fv2%2Fmedia&parent=25"}],"curies":[{"name":"wp","href":"https:\/\/api.w.org\/{rel}","templated":true}]}}

<p><img decoding="async" class="fotofundamental" src="http://site.facex.com.br/wp-content/uploads/2020/12/Fundamental.png" alt="infantil" /></p>
<p>&nbsp;</p>
<div class="textofundamental1"><strong>Ensino fundamental I</strong><br />
A Facex é uma instituição preocupada com a prática educativa a favor da autonomia intelectual dos educandos e fundamenta-se na ética e no respeito mútuo, procurando estabelecer uma relação coerente entre as concepções teóricas que embasam a prática educativa e a realidade política, econômica e social em que estamos inseridos. Dentro dessa proposta, esperamos efetivamente contribuir para a formação de sujeitos: críticos, participativos, pesquisadores, políticos, reflexivos e coletivos.</div>
<p>&nbsp;</p>
<div class="textofundamental2"><strong>Ensino Fundamental II</strong><br />
Dentro da construção do conhecimento, o aluno da Facex é incentivado a valorizar povos e culturas em tempos e espaços diferentes com linguagens e valores específicos, estabelecendo relações que desenvolvam sua identidade social. Esses aspectos educacionais são essenciais para a formação do cidadão de acordo com a sociedade na qual estamos inseridos e para que o educando saiba que faz parte de tudo, sentindo-se importante e único. Para isso, incentivamos as atividades em grupo, a autonomia intelectual e as atividades que colocam os educandos em posições de decisão, criando um ambiente no qual eles são protagonistas do conhecimento.</div>

<p>&nbsp; Ensino fundamental I A Facex é uma instituição preocupada com a prática educativa a favor da autonomia intelectual dos educandos e fundamenta-se na ética e no respeito mútuo, procurando estabelecer uma relação coerente entre as concepções teóricas que embasam a prática educativa e a realidade política, econômica e social em que estamos inseridos. Dentro &hellip; <a href="https://site.facex.com.br/?page_id=25">Continued</a></p>
